?
7
Let f be (1 - -165)*(7/2 + -4). Let z = f - -53. What is the tens digit of 6/(-10) - 558/z?
1
What is the tens digit of -3 + (8 + 14634 - (-3)/(-3))?
3
What is the thousands digit of ((-57255)/(-6) - (-1)/(-2))*(-15 + 16)?
9
Let y = 50 - 47. Let p be (-1)/y - (3 + 95/(-15)). Let c(k) = 22*k - 12. What is the tens digit of c(p)?
5
Suppose -3*r - 5*o + 315 + 494 = 0, 5*o = r - 243. Suppose -31*c - 534 = -5587. Let i = r - c. What is the tens digit of i?
0
Suppose y + 0 - 5 = 0. Suppose 3*o - 33 = 5*s - 2*s, y*o = 2*s + 70. What is the units digit of 4/o + (-247)/(-4)?
2
Let n = -27535 - -40233. What is the ten thousands digit of n?
1
Suppose -3*m - 4*i = -404, -5*m - 61 + 713 = -4*i. Let p(u) = -5*u**3 - u**2 + 2*u + 1. Let s be p(2). Let w = s + m. What is the tens digit of w?
9
Let n = 35 - 32. Suppose 5*c + q - 1415 = -n*q, 0 = -5*c + 2*q + 1385. Suppose -7*d + u = -5*d - c, 0 = 5*d - u - 705. What is the units digit of d?
2
Let i = 25593 + -14442. What is the units digit of i?
1
Suppose -5*t - 4*k + 3*k + 139 = 0, -59 = -2*t + 3*k. Suppose 80 = -3*v - 3*i - t, -2*v + i - 66 = 0. Let h = 39 + v. What is the units digit of h?
5
Suppose -3*k + 18821 = -4*v, 4*k + 3*v = 6397 + 18731. What is the units digit of k?
9
Suppose -404 = 4*b - 4324. Let o = 1646 - b. What is the hundreds digit of o?
6
Suppose 16*x + 33 - 65 = 0. Let s(j) = 403*j + 18. What is the units digit of s(x)?
4
Let k(c) = 24*c**2 - 8*c - 6. Let s be k(-4). Let a = 160 - s. Let o = -171 - a. What is the units digit of o?
9
Let x(o) be the second derivative of -4/3*o**3 + 0 - 2*o - 13*o**2. What is the tens digit of x(-11)?
6
Let y be 125 - (5 - (-3 - -7)). Let v = 139 - y. What is the units digit of 2402/14 + v/35?
2
Suppose -5519 = 9*a + 5*f - 396256, 3*f - 130251 = -3*a. What is the units digit of a?
3
Let o(d) = -6*d + 21. Let v(t) = -7*t + 21. Let l(k) = 5*o(k) - 4*v(k). Let f be l(6). Suppose 186 = 3*j - f. What is the tens digit of j?
6
Let d be (0/(-3))/4 - -3. Suppose r + 2*o = 288, d*r = -2*r - 2*o + 1448. What is the units digit of r?
0
Suppose -14805*b = -14794*b - 104731. What is the units digit of b?
1
Let i(d) = 24*d - 22. Let q(f) = f + 1. Let g(j) = 3*i(j) + 30*q(j). Let n be g(6). Suppose -y + 9*y = n. What is the units digit of y?
2
Let k(c) = c**3 + 11*c**2 + 38*c - 180. What is the ten thousands digit of k(26)?
2
Let t(n) be the first derivative of -211*n**2/2 - 4*n - 1. Let p be (-12)/12*21/21. What is the tens digit of t(p)?
0
Suppose 3*m - 9591 = -0*m - 3*l, -l = 2*m - 6391. What is the hundreds digit of (m/6 - -3)*9/3?
6
Let s = 80 - 77. Suppose c + 3*l + 4 = 0, s*c + l = -2*l. What is the units digit of ((-15)/(-20)*6)/(c/4)?
9
Suppose 32*p - 12 = 29*p. Suppose 45 = -p*q - 51. What is the units digit of q/(-16) - (-250)/4?
4
Let f(b) = 12*b**2 - 8*b + 501. What is the hundreds digit of f(18)?
2
Suppose 9*r + 82881 = 3*u, 4*r = 10 + 6. What is the hundreds digit of u?
6
Let w(n) = 29*n**2 - 6*n - 4. Let l be w(-4). Let y = l - 156. What is the tens digit of y?
2
Let t(z) = 29*z**2 - 26*z - 1. Let c(q) = 10*q**2 - 9*q. Let r(x) = -11*c(x) + 4*t(x). Let y be 21/(-4) - (-3)/12. What is the tens digit of r(y)?
7
Let c = -15308 - -66196. What is the tens digit of c?
8
Suppose 12*f - 14*f - 2 = 0, 4*b - 32648 = 4*f. What is the tens digit of b?
6
Let g(q) = -21*q + 41. Suppose -4*l - 4*w = 8, -2*w - 19 = 2*l - 3*w. What is the hundreds digit of g(l)?
1
Suppose 23*g - 23383 - 399 = 0. Let r = g + -730. What is the units digit of r?
4
Suppose 4*c = 2*w + 2*c - 166, 0 = -4*c + 12. Let y = w + -168. Let r = 62 - y. What is the tens digit of r?
4
Let z = 31 + 25. Let a = z + -61. What is the tens digit of 38 - a/(25/(-20))?
3
Suppose -3*v - 4*m + 2776 = 0, 0 = 3*v - m + 289 - 3075. Let h = v + -266. What is the units digit of h?
2
Let q(n) = 2*n**3 + 62*n**2 + 49*n - 33. What is the units digit of q(-24)?
5
Suppose -319 = -2*p - 3*c, -527 - 138 = -4*p + 3*c. Let i = -124 + p. What is the tens digit of i?
4
Let r = 29 - -83. Suppose 8*z + v = 4*z - r, -3*z - 97 = 4*v. Let k = 101 + z. What is the tens digit of k?
7
Let y(n) = -8*n**3 + 7*n**2 + 14*n + 124. What is the hundreds digit of y(-14)?
2
Suppose 0 = 488*l - 490*l + 92124. What is the hundreds digit of l?
0
Suppose 2*k = 5*q - 154 - 1341, -4*q + k = -1199. Let j = q - 164. What is the tens digit of j?
3
Let y = 155 + -79. Suppose -w = 5*t - 466, -292 = -4*t + 4*w + y. What is the tens digit of t?
9
Let n(f) = -87*f - 83. Suppose 2*w + 2*w - 2*x = -54, 4*x = -4*w - 36. What is the tens digit of n(w)?
6
Suppose 4*w + 62066 = 185*r - 183*r, 4*r + 4*w = 124096. What is the hundreds digit of r?
0
Suppose -3*o + 3*k + 4 = -5, 4*o + 5*k = 3. Suppose -384 = a - o*a. Let z = -218 + a. What is the tens digit of z?
6
Let r be -3 - (-9 + 1 + 3). Suppose -155 - 85 = -r*f. What is the hundreds digit of f?
1
Let r(t) be the first derivative of -t**4/12 - 5*t**3/2 + 9*t**2 + 8*t + 15. Let f(j) be the first derivative of r(j). What is the units digit of f(-13)?
4
What is the hundreds digit of (-32 - -4) + 24 - (-58648)/2?
3
What is the units digit of (-5400)/(-70)*(144/128)/((-2)/(-168))?
0
Let f(k) = 236*k - 35. Suppose r + 24 = 5*j - r, -4*r - 20 = -3*j. What is the hundreds digit of f(j)?
9
Suppose -2*u + 3*u = 2*b - 3, 0 = -3*u + 3. Suppose -b*r + 57 = 3. What is the tens digit of (-12)/(-54) - 628*(-3)/r?
7
Suppose 19*k + 102*k + 65*k = 11604354. What is the thousands digit of k?
2
Suppose 7*x - 14420 = -13*x. Suppose 6*w + 259 = x. What is the tens digit of w?
7
Let o(t) = -2*t**3 + 23*t**2 - 13*t - 17. Let d(l) = 2*l**3 - 23*l**2 + 14*l + 17. Let j(s) = -3*d(s) - 2*o(s). What is the units digit of j(9)?
4
Suppose 6*h = 69618 + 70170. What is the units digit of h?
8
Suppose 3*t - 1 = 2*i - 8, -5*t = -i + 14. Let n be (-2 - -4)/(11 - 10) - (-6 - 50). What is the units digit of n - (6 + t + -4)?
9
Let n(w) = w**3 + 19*w**2 - 25*w - 28. Let p(h) = -3*h + 12. Let i be p(-4). Let t be 1*4 - i/1. What is the units digit of n(t)?
2
Let l(p) = -p**3 - 16*p**2 + 22*p + 85. Let m be l(-17). Let k(t) = -t**3 - t**2 + 3*t + 158. What is the tens digit of k(m)?
5
Let v(a) = 2*a**2 + 8*a - 16. Suppose -h + k = 6, -2*h - 5*k = -5*h - 14. Let s be v(h). Let x = s - 28. What is the tens digit of x?
2
Let g(b) = 1546*b**2 + 4*b + 6. Let q be g(-2). Suppose -3*p = 19*p - q. What is the hundreds digit of p?
2
Suppose 0 = -5*d - 5*n + 2340, 93*n - 91*n = -3*d + 1401. Let z = d + 379. What is the hundreds digit of z?
8
What is the hundreds digit of ((-1 - -2) + 34955/(-7))*(-350)/100?
4
Suppose 18*b - 4697 = 1549. Let z = 380 - b. What is the units digit of z?
3
Suppose 5*k + 2*s = 3*k + 92, -4*k + 4*s = -184. Let q(g) = k*g - 93*g + 54*g - 24. What is the units digit of q(13)?
7
Suppose 0 = 3*f + w - 521, 4*w + w + 195 = f. Let c = f - 165. What is the units digit of c?
0
What is the tens digit of ((-132)/(-16))/(150/74200)?
8
Let p(x) = -1329*x + 200. What is the thousands digit of p(-7)?
9
Let n = 30 - 21. Let r be (-3)/(n/(-12)) + -16. What is the hundreds digit of 3729/21 - r/28?
1
Let o be 5478/44 - 2/4. Suppose -2*n + 164 + o = 0. Suppose n = 2*k + 5*t, -2*t = -5*t. What is the units digit of k?
2
Suppose 2943*j - 322212 = 2921*j. What is the units digit of j?
6
Let n = -24315 - -43062. What is the ten thousands digit of n?
1
Let a be ((-42)/8)/(57/(-1748)). Let j = 77 + a. What is the tens digit of j?
3
Let a(u) = 1673*u**2 + 82*u - 159. What is the units digit of a(2)?
7
Let m(f) = 913*f**2 - 102*f + 494. What is the ten thousands digit of m(5)?
2
Let h(v) = -2*v**3 - 6*v**2 - 33*v - 20. What is the thousands digit of h(-17)?
8
Suppose 33495 = 1407*i - 1404*i. What is the ten thousands digit of i?
1
Let u(o) = 110*o**2 + 3*o + 163. What is the ten thousands digit of u(-13)?
1
Suppose -7*u - 34 = 1. Let d be (-52)/u - (-2)/(-5). Suppose -343 - 317 = -d*s. What is the tens digit of s?
6
Suppose -24*v + 8*v + 2256 = 0. Suppose -7*a = -10*a + v. What is the tens digit of a?
4
Suppose 230 = 9*q - 4*q. Let i be 8*(-6)/(48/q). Let h = -32 - i. What is the tens digit of h?
1
Let l = -143 + -2. Let g = l + 206. Suppose 64*m = g*m + 279. What is the tens digit of m?
9
Suppose -3*n - 4*k = -5*k + 543, k + 362 = -2*n. What is the tens di